sands digit of 7221887?
1
What is the hundreds digit of 776890?
8
What is the ten millions digit of 24697043?
2
What is the units digit of 182632?
2
What is the millions digit of 3166905?
3
What is the thousands digit of 127462?
7
What is the millions digit of 1304975?
1
What is the millions digit of 3679661?
3
What is the tens digit of 430055?
5
What is the hundreds digit of 20444807?
8
What is the hundreds digit of 4889?
8
What is the hundred thousands digit of 427326?
4
What is the millions digit of 13652187?
3
What is the hundreds digit of 144411?
4
What is the units digit of 82031?
1
What is the hundreds digit of 1241223?
2
What is the millions digit of 6866024?
6
What is the units digit of 9182450?
0
What is the hundred thousands digit of 676195?
6
What is the hundred thousands digit of 9118832?
1
What is the tens digit of 104839?
3
What is the units digit of 112461?
1
What is the units digit of 654901?
1
What is the hundreds digit of 502433?
4
What is the thousands digit of 1068568?
8
What is the tens digit of 1747609?
0
What is the ten thousands digit of 84667?
8
What is the units digit of 3085239?
9
What is the tens digit of 609576?
7
What is the tens digit of 394715?
1
What is the tens digit of 412009?
0
What is the tens digit of 5680869?
6
What is the tens digit of 359457?
5
What is the thousands digit of 766012?
6
What is the tens digit of 2846505?
0
What is the thousands digit of 140151?
0
What is the tens digit of 1355725?
2
What is the ten thousands digit of 61253?
6
What is the units digit of 513535?
5
What is the ten thousands digit of 233105?
3
What is the hundred thousands digit of 294089?
2
What is the thousands digit of 1591812?
1
What is the thousands digit of 5301532?
1
What is the thousands digit of 384327?
4
What is the thousands digit of 1057418?
7
What is the ten thousands digit of 8864074?
6
What is the tens digit of 32258221?
2
What is the ten millions digit of 22157501?
2
What is the tens digit of 1813498?
9
What is the units digit of 213599?
9
What is the tens digit of 993787?
8
What is the hundreds digit of 753388?
3
What is the thousands digit of 466603?
6
What is the tens digit of 11907749?
4
What is the tens digit of 1937917?
1
What is the units digit of 1279397?
7
What is the units digit of 11996090?
0
What is the tens digit of 88632?
3
What is the hundred thousands digit of 5114436?
1
What is the hundred thousands digit of 402658?
4
What is the hundred thousands digit of 132113?
1
What is the thousands digit of 384111?
4
What is the tens digit of 1998790?
9
What is the units digit of 132054?
4
What is the thousands digit of 150359?
0
What is the millions digit of 5218747?
5
What is the hundreds digit of 984216?
2
What is the ten millions digit of 21706551?
2
What is the tens digit of 2566282?
8
What is the units digit of 5546934?
4
What is the thousands digit of 6816188?
6
What is the units digit of 95760?
0
What is the tens digit of 4758038?
3
What is the units digit of 110796?
6
What is the hundreds digit of 284725?
7
What is the hundreds digit of 13436379?
3
What is the thousands digit of 46321?
6
What is the units digit of 484046?
6
What is the thousands digit of 43645?
3
What is the hundreds digit of 35369691?
6
What is the millions digit of 1172433?
1
What is the ten thousands digit of 6927710?
2
What is the tens digit of 328712?
1
What is the units digit of 1016871?
1
What is the hundreds digit of 3349275?
2
What is the hundreds digit of 939?
9
What is the hundred thousands digit of 2786290?
7
What is the hundred thousands digit of 4754319?
7
What is the units digit of 4176774?
4
What is the units digit of 2740181?
1
What is the tens digit of 2941001?
0
What is the hundreds digit of 491569?
5
What is the thousands digit of 23892?
3
What is the millions digit of 16538514?
6
What is the units digit of 9176852?
2
What is the hundreds digit of 3819281?
2
What is the tens digit of 9904374?
7
What is the tens digit of 1558825?
2
What is the hundreds digit of 997252?
2
What is the thousands digit of 19264855?
4
What is the ten thousands digit of 655362?
5
What is the millions digit of 28768553?
8
What is the hundred thousands digit of 162889?
1
What is the thousands digit of 305245?
5
What is the hundred thousands digit of 103374?
1
What is the units digit of 13219?
9
What is the millions digit of 4694451?
4
What is the tens digit of 511698?
9
What is the ten thousands digit of 3437129?
3
What is the thousands digit of 148357?
8
What is the hundreds digit of 3519094?
0
What is the units digit of 451665?
5
What is the units digit of 1755272?
2
What is the units digit of 4561391?
1
What is the ten thousands digit of 792618?
9
What is the millions digit of 6941598?
6
What is the hundreds digit of 3844604?
6
What is the tens digit of 7815418?
1
What is the hundred thousands digit of 152062?
1
What is the hundreds digit of 8852343?
3
What is the hundreds digit of 106994?
9
What is the thousands digit of 259171?
9
What is the hundreds digit of 10378643?
6
What is the hundred thousands digit of 1358755?
3
What is the ten thousands digit of 799368?
9
What is the hundred thousands digit of 10802046?
8
What is the millions digit of 2887852?
2
What is the tens digit of 565776?
7
What is the units digit of 57792?
2
What is the units digit of 8118227?
7
What is the hundreds digit of 1502007?
0
What is the ten thousands digit of 349021?
4
What is the ten thousands digit of 20344855?
4
What is the millions digit of 1234500?
1
What is the units digit of 513201?
1
What is the units digit of 7076359?
9
What is the hundred thousands digit of 639275?
6
What is the ten thousands digit of 172654?
7
What is the tens digit of 502762?
6
What is the ten thousands digit of 784227?
8
What is the ten thousands digit of 621072?
2
What is the hundred thousands digit of 4000073?
0
What is the tens digit of 77279?
7
What is the tens digit of 15104?
0
What is the units digit of 193081?
1
What is the ten millions digit of 31037954?
3
What is the hundreds digit of 7638899?
8
What is the hundreds digit of 25707622?
6
What is the tens digit of 362935?
3
What is the millions digit of 6260491?
6
What is the units digit of 416076?
6
What is the tens digit of 222164?
6
What is the units digit of 3586607?
7
What is the ten thousands digit of 14236538?
3
What is the tens digit of 13337425?
2
What is the millions digit of 9341950?
9
What is the millions digit of 1580033?
1
What is the units digit of 761115?
5
What is the units digit of 4834440?
0
What is the units digit of 14946800?
0
What is the hundred thousands digit of 301657?
3
What is the hundreds digit of 14683802?
8
What is the thousands digit of 4984786?
4
What is the thousands digit of 8135041?
5
What is the thousands digit of 2748496?
8
What is the ten thousands digit of 1421465?
2
What is the hundred thousands digit of 1067575?
0
What is the ten thousands digit of 839043?
3
What is the hundreds digit of 10427912?
9
What is the ten thousands digit of 1979501?
7
What is the units digit of 151769?
9
What is the tens digit of 637883?
8
What is the tens digit of 10432?
3
What is the hundred thousands digit of 1860781?
8
What is the thousands digit of 75960?
5
What is the hundreds digit of 3758384?
3
What is the units digit of 672765?
5
What is the thousands digit of 2533479?
3
What is the thousands digit of 29408?
9
What is the ten thousands digit of 1926221?
2
What is the units digit of 15286733?
3
What is the thousands digit of 23396657?
6
What is the tens digit of 172679?
7
What is the tens digit of 5337357?
5
What is the millions digit of 4079453?
4
What is the tens digit of 500146?
4
What is the ten thousands digit of 12636367?
3
What is the ten thousands digit of 23799165?
9
What is the units digit of 131081?
1
What is the hundreds digit of 128334?
3
What is the ten thousands digit of 2845150?
4
What is the units digit of 48829?
9
What is the hundred thousands digit of 4724675?
7
What is the thousands digit of 8212699?
2
What is the tens digit of 198278?
7
What is the tens digit of 423907?
0
What is the tens digit of 1451531?
3
What is the ten millions digit of 13331950?
1
What is the hundreds digit of 2453313?
3
What is the hundred thousands digit of 276312?
2
What is the hundreds d